{"id":1217,"date":"2015-04-14T08:33:03","date_gmt":"2015-04-14T08:33:03","guid":{"rendered":"http:\/\/soniadaniel.be\/bioenergie\/?page_id=1217"},"modified":"2023-01-26T16:58:19","modified_gmt":"2023-01-26T16:58:19","slug":"flamme-violette-2-2-3-3","status":"publish","type":"page","link":"https:\/\/soniadaniel.be\/bioenergie\/?page_id=1217","title":{"rendered":"Contact"},"content":{"rendered":"<div id=\"pbuilder_wrapper\">\n<div id=\"pbuilder_content_wrapper\">\n<div id=\"pbuilder_content\">\n<div class=\"pbuilder_row\" data-rowtype=\"0\" data-rowid=\"0\">\n<div class=\"pbuilder_row_background\"><\/div>\n<div>\n<div class=\"pbuilder_column pbuilder_column-1-1\" data-colnumber=\"0\">\n<div class=\"pbuilder_droppable\">\n<div class=\"pbuilder_module\" data-shortcode=\"heading\" data-modid=\"0\">\n<style type=\"text\/css\" scoped=\"scoped\">\n    #frb_h_564416647, #frb_h_564416647 *{}<br \/>\n    #frb_h_564416647 a{color: #111111;}<br \/>\n    #frb_h_564416647 a:hover{color: #111111;}<br \/>\n\t<\/style>\n<style type=\"text\/css\" scoped=\"scoped\">#frb_h_564416647.frb_onScreen.frb_animated {-webkit-animation-duration: 1000ms; animation-duration: 1000ms;}#frb_h_564416647.frb_onScreen.frb_hinge {-webkit-animation-duration: 2000ms; animation-duration: 2000ms;}<\/style>\n<h3 id=\"frb_h_564416647\" class=\" frb_animated frb_fadeInUp\" style=\"padding-bottom: 15px !important; margin-top: 0 !important; text-align: left; color: #111111;\">.<\/h3>\n<\/div>\n<\/div>\n<\/div>\n<div style=\"clear: both;\"><\/div>\n<\/div>\n<\/div>\n<div class=\"pbuilder_row\" data-rowtype=\"0\" data-rowid=\"1\">\n<div class=\"pbuilder_row_background\"><\/div>\n<div>\n<div class=\"pbuilder_column pbuilder_column-1-1\" data-colnumber=\"0\">\n<div class=\"pbuilder_droppable\">\n<div class=\"pbuilder_module\" data-shortcode=\"text\" data-modid=\"1\">\n<style type=\"text\/css\" scoped=\"scoped\">\n    #frb_text_120845706, #frb_text_120845706 *{}<br \/>\n    #frb_text_120845706 a{color: #444444;}<br \/>\n    #frb_text_120845706 a:hover{color: #444444;}<br \/>\n\t<\/style>\n<style type=\"text\/css\" scoped=\"scoped\">#frb_text_120845706.frb_onScreen.frb_animated {-webkit-animation-duration: 1000ms; animation-duration: 1000ms;}#frb_text_120845706.frb_onScreen.frb_hinge {-webkit-animation-duration: 2000ms; animation-duration: 2000ms;}<\/style>\n<div id=\"frb_text_120845706\" class=\" frb_animated frb_bounceInUp\" style=\"padding-bottom: 15px !important; text-align: left;\">\n<div class=\"frb_text\" style=\"color: #444444;\">&#8230;<\/div>\n<\/div>\n<\/div>\n<\/div>\n<\/div>\n<div style=\"clear: both;\"><\/div>\n<\/div>\n<\/div>\n<div class=\"pbuilder_row\" data-rowtype=\"0\" data-rowid=\"4\">\n<div class=\"pbuilder_row_background\"><\/div>\n<div>\n<div class=\"pbuilder_column pbuilder_column-1-1\" data-colnumber=\"0\">\n<div class=\"pbuilder_droppable\">\n<div class=\"pbuilder_module\" data-shortcode=\"text\" data-modid=\"5\">\n<style type=\"text\/css\" scoped=\"scoped\">\n    #frb_text_2031245717, #frb_text_2031245717 *{}<br \/>\n    #frb_text_2031245717 a{color: #444444;}<br \/>\n    #frb_text_2031245717 a:hover{color: #444444;}<br \/>\n\t<\/style>\n<style type=\"text\/css\" scoped=\"scoped\">#frb_text_2031245717.frb_onScreen.frb_animated {-webkit-animation-duration: 1000ms; animation-duration: 1000ms;}#frb_text_2031245717.frb_onScreen.frb_hinge {-webkit-animation-duration: 2000ms; animation-duration: 2000ms;}<\/style>\n<div id=\"frb_text_2031245717\" class=\"\" style=\"padding-bottom: 36px !important; text-align: left;\">\n<div class=\"frb_text\" style=\"color: #444444;\">\n<div class=\"pbuilder_module\" data-shortcode=\"image\" data-modid=\"123\">\n<div id=\"frb_image_1885058698\" class=\"frb_animated frb_flipInY frb_onScreen\">\n<div class=\"frb_image\"><span class=\"frb_image_inner\" data-bordercolor=\"#376a6e\" data-borderhover=\"#27a8e1\"><a href=\"http:\/\/soniadaniel.be\/bioenergie\/wp-content\/uploads\/sonia_daniel-1.jpg\"><img loading=\"lazy\" class=\"alignnone wp-image-1481 size-full\" src=\"http:\/\/soniadaniel.be\/bioenergie\/wp-content\/uploads\/sonia_daniel-1.jpg\" alt=\"\" width=\"1000\" height=\"579\" srcset=\"https:\/\/soniadaniel.be\/bioenergie\/wp-content\/uploads\/sonia_daniel-1.jpg 1000w, https:\/\/soniadaniel.be\/bioenergie\/wp-content\/uploads\/sonia_daniel-1-300x174.jpg 300w, https:\/\/soniadaniel.be\/bioenergie\/wp-content\/uploads\/sonia_daniel-1-768x445.jpg 768w, https:\/\/soniadaniel.be\/bioenergie\/wp-content\/uploads\/sonia_daniel-1-600x347.jpg 600w\" sizes=\"(max-width: 1000px) 100vw, 1000px\" \/><\/a><\/span><\/div>\n<\/div>\n<\/div>\n<div class=\"pbuilder_module\" data-shortcode=\"text\" data-modid=\"111\">\n<div id=\"frb_text_1216505559\" class=\"\">\n<div class=\"frb_text\">\n<div id=\"Pr\u00e9sentation\" class=\"_mPS2id-t\"><\/div>\n<\/div>\n<\/div>\n<\/div>\n<div class=\"pbuilder_module\" data-shortcode=\"icon_menu\" data-modid=\"83\">\n<div id=\"frb_icon_menu_1298806419\" class=\"frb_animated frb_fadeInUpBig frb_onScreen\">\n<div class=\"frb_iconmenu frb_iconmenu_center\">\n<p>&nbsp;<\/p>\n<div><\/div>\n<\/div>\n<\/div>\n<\/div>\n<div class=\"pbuilder_module\" data-shortcode=\"text\" data-modid=\"61\">\n<div id=\"frb_text_400666546\" class=\"\">\n<div class=\"frb_text\">\n<div id=\"Contact\" class=\"_mPS2id-t\"><\/div>\n<\/div>\n<\/div>\n<\/div>\n<div class=\"pbuilder_module\" data-shortcode=\"text\" data-modid=\"19\">\n<div id=\"frb_text_299803269\" class=\"frb_animated frb_flipInX frb_onScreen\">\n<div class=\"frb_text\">\n<p><strong>Sonia DANIEL<\/strong><\/p>\n<p>139, rue de Lhoneux<br \/>\n4420 Saint-Nicolas (Belgique)<\/p>\n<p>(parking sur la place en dessous de la rue)<\/p>\n<p><a href=\"mailto:sonia.daniel@hotmail.com\" target=\"_blank\" rel=\"noopener noreferrer\">sonia.daniel@hotmail.com<\/a><\/p>\n<p>+32 (0)495 74 23 69<\/p>\n<p>ou sur Skype : sonia.bagheera<\/p>\n<p>et Messenger<\/p>\n<p>Soins par Skype ou par T\u00e9l\u00e9phone apr\u00e8s 17h<\/p>\n<p>(de 10h00 \u00e0 19h00 les mardis et les jeudis)<\/p>\n<p>Compte : BE26 0682 4413 9529 &#8211; BIC : GKCCBEBB<\/p>\n<p>TVA BE 0880.207.001<\/p>\n<\/div>\n<\/div>\n<\/div>\n<\/div>\n<\/div>\n<\/div>\n<\/div>\n<\/div>\n<div style=\"clear: both;\"><\/div>\n<\/div>\n<\/div>\n<div class=\"pbuilder_row\" data-rowtype=\"0\" data-rowid=\"2\">\n<div class=\"pbuilder_row_background\"><\/div>\n<div>\n<div class=\"pbuilder_column pbuilder_column-1-1\" data-colnumber=\"0\">\n<div class=\"pbuilder_droppable\">\n<div class=\"pbuilder_module\" data-shortcode=\"text\" data-modid=\"4\">\n<style type=\"text\/css\" scoped=\"scoped\">\n    #frb_text_301520133, #frb_text_301520133 *{}<br \/>\n    #frb_text_301520133 a{color: #444444;}<br \/>\n    #frb_text_301520133 a:hover{color: #444444;}<br \/>\n\t<\/style>\n<style type=\"text\/css\" scoped=\"scoped\">#frb_text_301520133.frb_onScreen.frb_animated {-webkit-animation-duration: 1000ms; animation-duration: 1000ms;}#frb_text_301520133.frb_onScreen.frb_hinge {-webkit-animation-duration: 2000ms; animation-duration: 2000ms;}<\/style>\n<div id=\"frb_text_301520133\" class=\"\" style=\"padding-bottom: 36px !important; text-align: left;\">\n<div class=\"frb_text\" style=\"color: #444444;\">\n<div class=\"pbuilder_module\" data-shortcode=\"text\" data-modid=\"127\">\n<div id=\"frb_text_1473576448\" class=\"\">\n<div class=\"frb_text\">\n<p><strong>Mention l\u00e9gale\u00a0<\/strong>: une consultation ne se substitue en aucun cas un avis m\u00e9dical<\/p>\n<p>Compte : BE26 0682 4413 9529 &#8211; BIC : GKCCBEBB<\/p>\n<\/div>\n<\/div>\n<div style=\"text-align: center;\">\n<p>Via Paypal<\/p>\n<p>ou Payconiq :<\/p>\n<\/div>\n<\/div>\n<div class=\"pbuilder_module\" data-shortcode=\"text\" data-modid=\"119\">\n<div id=\"frb_text_1150381483\" class=\"\">\n<div class=\"frb_text\">\n<div id=\"Pr\u00e9sentation\" class=\"_mPS2id-t mPS2id-target mPS2id-target-first mPS2id-target-last\"><a href=\"http:\/\/soniadaniel.be\/bioenergie\/wp-content\/uploads\/IMG_6675-scaled.jpg\"><img loading=\"lazy\" class=\"size-medium wp-image-1449 aligncenter\" src=\"http:\/\/soniadaniel.be\/bioenergie\/wp-content\/uploads\/IMG_6675-214x300.jpg\" alt=\"\" width=\"214\" height=\"300\" srcset=\"https:\/\/soniadaniel.be\/bioenergie\/wp-content\/uploads\/IMG_6675-scaled-214x300.jpg 214w, https:\/\/soniadaniel.be\/bioenergie\/wp-content\/uploads\/IMG_6675-scaled-600x843.jpg 600w, https:\/\/soniadaniel.be\/bioenergie\/wp-content\/uploads\/IMG_6675-729x1024.jpg 729w, https:\/\/soniadaniel.be\/bioenergie\/wp-content\/uploads\/IMG_6675-768x1078.jpg 768w, https:\/\/soniadaniel.be\/bioenergie\/wp-content\/uploads\/IMG_6675-1094x1536.jpg 1094w, https:\/\/soniadaniel.be\/bioenergie\/wp-content\/uploads\/IMG_6675-1459x2048.jpg 1459w, https:\/\/soniadaniel.be\/bioenergie\/wp-content\/uploads\/IMG_6675-scaled.jpg 1823w\" sizes=\"(max-width: 214px) 100vw, 214px\" \/><\/a><\/div>\n<\/div>\n<\/div>\n<\/div>\n<\/div>\n<\/div>\n<\/div>\n<\/div>\n<\/div>\n<div style=\"clear: both;\"><\/div>\n<\/div>\n<\/div>\n<div class=\"pbuilder_row\" data-rowtype=\"0\" data-rowid=\"3\">\n<div class=\"pbuilder_row_background\"><\/div>\n<div>\n<div class=\"pbuilder_column pbuilder_column-1-1\" data-colnumber=\"0\">\n<div class=\"pbuilder_droppable\" style=\"padding: 0px;\">\n<div class=\"pbuilder_module\" data-shortcode=\"text\" data-modid=\"6\">\n<style type=\"text\/css\" scoped=\"scoped\">\n    #frb_text_1903128153, #frb_text_1903128153 *{}<br \/>\n    #frb_text_1903128153 a{color: #444444;}<br \/>\n    #frb_text_1903128153 a:hover{color: #444444;}<br \/>\n\t<\/style>\n<style type=\"text\/css\" scoped=\"scoped\">#frb_text_1903128153.frb_onScreen.frb_animated {-webkit-animation-duration: 1000ms; animation-duration: 1000ms;}#frb_text_1903128153.frb_onScreen.frb_hinge {-webkit-animation-duration: 2000ms; animation-duration: 2000ms;}<\/style>\n<div id=\"frb_text_1903128153\" class=\"\" style=\"padding-bottom: 36px !important; text-align: left;\">\n<div class=\"frb_text\" style=\"color: #444444;\">\n<div class=\"pbuilder_row\" data-rowtype=\"0\" data-rowid=\"0\">\n<div>\n<div class=\"pbuilder_column pbuilder_column-1-1\" data-colnumber=\"0\">\n<div class=\"pbuilder_droppable\">\n<div class=\"pbuilder_module\" data-shortcode=\"text\" data-modid=\"115\">\n<div id=\"frb_text_939483681\" class=\"\">\n<div class=\"frb_text\">\n<p><strong>Mention l\u00e9gale\u00a0<\/strong>: une consultation ne se substitue en aucun cas un avis m\u00e9dical<\/p>\n<p>Compte : BE26 0682 4413 9529 &#8211; BIC : GKCCBEBB<\/p>\n<\/div>\n<\/div>\n<\/div>\n<div class=\"pbuilder_module\" data-shortcode=\"counter\" data-modid=\"116\">\n<div id=\"frb_counter_117600584\" class=\"frb_animated frb_flipInY frb_onScreen\">\n<div class=\"frb_scrolling_counter frb_animated frb_onScreen\" data-startval=\"12345678911\" data-result=\"71427321893\" data-direction=\"auto\" data-onscreen=\"true\">\n<div class=\"frb_scrl_count_digit_wrap\"><\/div>\n<div class=\"frb_scrl_count_digit_wrap\">\n<div class=\"frb_clear\"><\/div>\n<\/div>\n<div class=\"frb_clear\"><\/div>\n<\/div>\n<\/div>\n<\/div>\n<div class=\"pbuilder_module\" data-shortcode=\"icon_menu\" data-modid=\"120\">\n<div id=\"frb_icon_menu_570981620\" class=\"frb_animated frb_fadeInUpBig frb_onScreen\">\n<div class=\"frb_iconmenu frb_iconmenu_center\">\n<p>&nbsp;<\/p>\n<div><\/div>\n<\/div>\n<\/div>\n<\/div>\n<\/div>\n<\/div>\n<div><\/div>\n<\/div>\n<\/div>\n<\/div>\n<\/div>\n<\/div>\n<\/div>\n<\/div>\n<\/div>\n<\/div>\n<\/div>\n<\/div>\n<\/div>\n<div style=\"clear: both;\"><\/div>\n<div class=\"pbuilder_row\" data-rowtype=\"0\" data-rowid=\"0\">\n<div class=\"pbuilder_row_background\"><\/div>\n<div>\n<div class=\"pbuilder_column pbuilder_column-1-1\" data-colnumber=\"0\">\n<div class=\"pbuilder_droppable\">\n<div class=\"pbuilder_module\" data-shortcode=\"heading\" data-modid=\"0\">\n<style type=\"text\/css\" scoped=\"scoped\">\n    #frb_h_888674133, #frb_h_888674133 *{}<br \/>\n    #frb_h_888674133 a{color: #111111;}<br \/>\n    #frb_h_888674133 a:hover{color: #111111;}<br \/>\n\t<\/style>\n<style type=\"text\/css\" scoped=\"scoped\">#frb_h_888674133.frb_onScreen.frb_animated {-webkit-animation-duration: 1000ms; animation-duration: 1000ms;}#frb_h_888674133.frb_onScreen.frb_hinge {-webkit-animation-duration: 2000ms; animation-duration: 2000ms;}<\/style>\n<h3 id=\"frb_h_888674133\" class=\" frb_animated frb_fadeInUp\" style=\"padding-bottom: 15px !important; margin-top: 0 !important; text-align: left; color: #111111;\">.<\/h3>\n<\/div>\n<\/div>\n<\/div>\n<div style=\"clear: both;\"><\/div>\n<\/div>\n<\/div>\n<div class=\"pbuilder_row\" data-rowtype=\"0\" data-rowid=\"6\">\n<div class=\"pbuilder_row_background\"><\/div>\n<div>\n<div class=\"pbuilder_column pbuilder_column-1-1\" data-colnumber=\"0\">\n<div class=\"pbuilder_droppable\">\n<div class=\"pbuilder_module\" data-shortcode=\"gmap\" data-modid=\"9\">\n<style type=\"text\/css\" scoped>#frb_iframe_2127572418.frb_onScreen.frb_animated {-webkit-animation-duration: 1000ms; animation-duration: 1000ms;}#frb_iframe_2127572418.frb_onScreen.frb_hinge {-webkit-animation-duration: 2000ms; animation-duration: 2000ms;}<\/style>\n<div id=\"frb_iframe_2127572418\" class=\" \" style=\"margin-bottom: -8px !important; padding-bottom: 36px !important;\"><iframe id=\"iframefrb_iframe_2127572418\" class=\"googlemap\" style=\"width: 100%; height: 600px; border: 0px;\" src=\"https:\/\/maps.google.com\/maps?q=Rue+Lhoneux+139+4420+Saint-Nicolas&amp;z=15&amp;output=embed\" frameborder=\"0\" seamless=\"\"><\/iframe><\/div>\n<\/div>\n<\/div>\n<\/div>\n<div style=\"clear: both;\"><\/div>\n<\/div>\n<\/div>\n<div style=\"clear: both;\"><\/div>\n<div style=\"clear: both;\"><\/div>\n","protected":false},"excerpt":{"rendered":"<p>. &#8230; &nbsp; Sonia DANIEL 139, rue de Lhoneux 4420 Saint-Nicolas (Belgique) (parking sur la place en dessous de la rue) sonia.daniel@hotmail.com +32 (0)495 74 23 69 ou sur Skype : sonia.bagheera et Messenger Soins par Skype ou par T\u00e9l\u00e9phone apr\u00e8s 17h (de 10h00 \u00e0 19h00 les mardis et les jeudis) Compte : BE26 0682 4413 9529 &#8211; BIC : GKCCBEBB TVA BE 0880.207.001 Mention l\u00e9gale\u00a0: une consultation ne se substitue en aucun cas un avis m\u00e9dical Compte : BE26 0682 4413 9529 &#8211; BIC : GKCCBEBB Via Paypal ou Payconiq : Mention l\u00e9gale\u00a0: une consultation ne se substitue en [&#8230;]<\/p>\n","protected":false},"author":3,"featured_media":0,"parent":0,"menu_order":0,"comment_status":"open","ping_status":"open","template":"","meta":[],"_links":{"self":[{"href":"https:\/\/soniadaniel.be\/bioenergie\/index.php?rest_route=\/wp\/v2\/pages\/1217"}],"collection":[{"href":"https:\/\/soniadaniel.be\/bioenergie\/index.php?rest_route=\/wp\/v2\/pages"}],"about":[{"href":"https:\/\/soniadaniel.be\/bioenergie\/index.php?rest_route=\/wp\/v2\/types\/page"}],"author":[{"embeddable":true,"href":"https:\/\/soniadaniel.be\/bioenergie\/index.php?rest_route=\/wp\/v2\/users\/3"}],"replies":[{"embeddable":true,"href":"https:\/\/soniadaniel.be\/bioenergie\/index.php?rest_route=%2Fwp%2Fv2%2Fcomments&post=1217"}],"version-history":[{"count":17,"href":"https:\/\/soniadaniel.be\/bioenergie\/index.php?rest_route=\/wp\/v2\/pages\/1217\/revisions"}],"predecessor-version":[{"id":1546,"href":"https:\/\/soniadaniel.be\/bioenergie\/index.php?rest_route=\/wp\/v2\/pages\/1217\/revisions\/1546"}],"wp:attachment":[{"href":"https:\/\/soniadaniel.be\/bioenergie\/index.php?rest_route=%2Fwp%2Fv2%2Fmedia&parent=1217"}],"curies":[{"name":"wp","href":"https:\/\/api.w.org\/{rel}","templated":true}]}}