{"id":1244,"date":"2015-04-14T08:33:03","date_gmt":"2015-04-14T08:33:03","guid":{"rendered":"http:\/\/soniadaniel.be\/bioenergie\/?page_id=1244"},"modified":"2022-01-24T19:19:07","modified_gmt":"2022-01-24T19:19:07","slug":"flamme-violette-2-2-2-2","status":"publish","type":"page","link":"https:\/\/soniadaniel.be\/bioenergie\/?page_id=1244","title":{"rendered":"Soin holistique global"},"content":{"rendered":"<div id=\"pbuilder_wrapper\">\n<div id=\"pbuilder_content_wrapper\">\n<div id=\"pbuilder_content\">\n<div data-rowtype=\"0\" data-rowid=\"0\" style=\" box-shadow:    ; \" class=\"pbuilder_row\">\n<div class=\"pbuilder_row_background\" style=\" background-color: ; \"><\/div>\n<div>\n<div data-colnumber=\"0\" class=\"pbuilder_column pbuilder_column-1-1\">\n<div style=\"\" class=\"pbuilder_droppable\" >\n<div class=\"pbuilder_module\" data-shortcode=\"heading\" data-modid=\"0\">\n<style type=\"text\/css\" scoped=\"scoped\">\n    #frb_h_1083998293, #frb_h_1083998293 *{}\n    #frb_h_1083998293 a{color: #111111;}\n    #frb_h_1083998293 a:hover{color: #111111;}\n\t<\/style>\n<style type=\"text\/css\" scoped=\"scoped\">#frb_h_1083998293.frb_onScreen.frb_animated {-webkit-animation-duration: 1000ms; animation-duration: 1000ms;}#frb_h_1083998293.frb_onScreen.frb_hinge {-webkit-animation-duration: 2000ms; animation-duration: 2000ms;}<\/style>\n<h3 id=\"frb_h_1083998293\" class=\" frb_animated frb_fadeInUp\" style=\" padding-bottom:15px !important; margin-top:0 !important; text-align:left; color:#111111;\">.<\/h3>\n<\/div>\n<\/div>\n<\/div>\n<div style=\"clear:both;\"><\/div>\n<\/div>\n<\/div>\n<div data-rowtype=\"0\" data-rowid=\"1\" style=\" box-shadow:    ; \" class=\"pbuilder_row\">\n<div class=\"pbuilder_row_background\" style=\" background-color: ; \"><\/div>\n<div>\n<div data-colnumber=\"0\" class=\"pbuilder_column pbuilder_column-1-1\">\n<div style=\"\" class=\"pbuilder_droppable\" >\n<div class=\"pbuilder_module\" data-shortcode=\"text\" data-modid=\"1\">\n<style type=\"text\/css\" scoped=\"scoped\">\n    #frb_text_712624193, #frb_text_712624193 *{}\n    #frb_text_712624193 a{color: #444444;}\n    #frb_text_712624193 a:hover{color: #444444;}\n\t<\/style>\n<style type=\"text\/css\" scoped=\"scoped\">#frb_text_712624193.frb_onScreen.frb_animated {-webkit-animation-duration: 1000ms; animation-duration: 1000ms;}#frb_text_712624193.frb_onScreen.frb_hinge {-webkit-animation-duration: 2000ms; animation-duration: 2000ms;}<\/style>\n<div id=\"frb_text_712624193\" class=\" frb_animated frb_bounceInUp\" style=\"padding-bottom:15px !important; text-align:left;\">\n<div class=\"frb_text\" style=\"color:#444444;\">\n<p>Il s\u2019agit de nettoyer tout ce qui encombre notre aura\u00a0: entit\u00e9 humaine, entit\u00e9 non-humaine, entit\u00e9 interne, \u00e9nergies sombres, m\u00e9moires, objets, parasites, \u00e9gr\u00e9gores, implants, kystes \u00e9motionnels, n\u0153uds, \u2026.<\/p>\n<p>Nettoyage \u00e9motionnel de cette vie et des vies ant\u00e9rieures (point de vue multidimensionnel) \u2026.<\/p>\n<p>Niveau de l\u2019\u00e2me\u00a0: r\u00e9cup\u00e9ration de parties d\u2019\u00e2mes perdues, nettoyage des traumatismes<\/p>\n<p>Travail au niveau de l\u2019arbre de vie et des lettres h\u00e9bra\u00efques<\/p>\n<p>V\u00e9rification des gros points du transg\u00e9n\u00e9rationnel<\/p>\n<p><strong>Soin \u00e9nerg\u00e9tique pour les victimes de pervers narcissiques<\/strong><\/p>\n<p>(Travail de r\u00e9cup\u00e9ration \u00e9nerg\u00e9tiques des parties \u00ab\u00a0vol\u00e9es\u00a0\u00bb\u00a0: \u00e2me, champ \u00e9nerg\u00e9tiques, ancrage, \u00e9nergie (via le plexus solaire).)<\/p>\n<p>En r\u00e9sum\u00e9 un tr\u00e8s gros nettoyage qui va vous permettre de reprendre votre vie en main.<\/p>\n<p>\u00a0<\/p>\n<p>Le soin dure entre 1h et 1h et demie\u00a0; Tarif\u00a0: 90,00 \u20ac<\/p>\n<p>Ce soin se donne en pr\u00e9sentiel ou \u00e0 distance<\/p>\n<\/div>\n<\/div>\n<\/div>\n<\/div>\n<\/div>\n<div style=\"clear:both;\"><\/div>\n<\/div>\n<\/div>\n<div data-rowtype=\"0\" data-rowid=\"2\" style=\" box-shadow:    ; \" class=\"pbuilder_row\">\n<div class=\"pbuilder_row_background\" style=\" background-color: ; \"><\/div>\n<div>\n<div data-colnumber=\"0\" class=\"pbuilder_column pbuilder_column-1-1\">\n<div style=\"\" class=\"pbuilder_droppable\" ><\/div>\n<\/div>\n<div style=\"clear:both;\"><\/div>\n<\/div>\n<\/div>\n<div data-rowtype=\"0\" data-rowid=\"3\" style=\" box-shadow:    ; \" class=\"pbuilder_row\">\n<div class=\"pbuilder_row_background\" style=\" background-color: ; \"><\/div>\n<div>\n<div data-colnumber=\"0\" class=\"pbuilder_column pbuilder_column-1-1\">\n<div style=\"\" class=\"pbuilder_droppable\" ><\/div>\n<\/div>\n<div style=\"clear:both;\"><\/div>\n<\/div>\n<\/div><\/div>\n<div style=\"clear:both\"><\/div>\n<\/p><\/div>\n<div style=\"clear:both\"><\/div>\n<\/p><\/div>\n","protected":false},"excerpt":{"rendered":"<p>. Il s\u2019agit de nettoyer tout ce qui encombre notre aura\u00a0: entit\u00e9 humaine, entit\u00e9 non-humaine, entit\u00e9 interne, \u00e9nergies sombres, m\u00e9moires, objets, parasites, \u00e9gr\u00e9gores, implants, kystes \u00e9motionnels, n\u0153uds, \u2026. Nettoyage \u00e9motionnel de cette vie et des vies ant\u00e9rieures (point de vue multidimensionnel) \u2026. Niveau de l\u2019\u00e2me\u00a0: r\u00e9cup\u00e9ration de parties d\u2019\u00e2mes perdues, nettoyage des traumatismes Travail au niveau de l\u2019arbre de vie et des lettres h\u00e9bra\u00efques V\u00e9rification des gros points du transg\u00e9n\u00e9rationnel Soin \u00e9nerg\u00e9tique pour les victimes de pervers narcissiques (Travail de r\u00e9cup\u00e9ration \u00e9nerg\u00e9tiques des parties \u00ab\u00a0vol\u00e9es\u00a0\u00bb\u00a0: \u00e2me, champ \u00e9nerg\u00e9tiques, ancrage, \u00e9nergie (via le plexus solaire).) En r\u00e9sum\u00e9 un tr\u00e8s gros nettoyage [&#8230;]<\/p>\n","protected":false},"author":3,"featured_media":0,"parent":0,"menu_order":0,"comment_status":"open","ping_status":"open","template":"","meta":[],"_links":{"self":[{"href":"https:\/\/soniadaniel.be\/bioenergie\/index.php?rest_route=\/wp\/v2\/pages\/1244"}],"collection":[{"href":"https:\/\/soniadaniel.be\/bioenergie\/index.php?rest_route=\/wp\/v2\/pages"}],"about":[{"href":"https:\/\/soniadaniel.be\/bioenergie\/index.php?rest_route=\/wp\/v2\/types\/page"}],"author":[{"embeddable":true,"href":"https:\/\/soniadaniel.be\/bioenergie\/index.php?rest_route=\/wp\/v2\/users\/3"}],"replies":[{"embeddable":true,"href":"https:\/\/soniadaniel.be\/bioenergie\/index.php?rest_route=%2Fwp%2Fv2%2Fcomments&post=1244"}],"version-history":[{"count":3,"href":"https:\/\/soniadaniel.be\/bioenergie\/index.php?rest_route=\/wp\/v2\/pages\/1244\/revisions"}],"predecessor-version":[{"id":1247,"href":"https:\/\/soniadaniel.be\/bioenergie\/index.php?rest_route=\/wp\/v2\/pages\/1244\/revisions\/1247"}],"wp:attachment":[{"href":"https:\/\/soniadaniel.be\/bioenergie\/index.php?rest_route=%2Fwp%2Fv2%2Fmedia&parent=1244"}],"curies":[{"name":"wp","href":"https:\/\/api.w.org\/{rel}","templated":true}]}}